?
29
What is the remainder when 129377 is divided by 472?
49
What is the remainder when 14578 is divided by 7162?
254
What is the remainder when 8565 is divided by 11?
7
Calculate the remainder when 423636 is divided by 22.
4
Calculate the remainder when 2541334 is divided by 5.
4
What is the remainder when 13824 is divided by 73?
27
Calculate the remainder when 6215 is divided by 136.
95
What is the remainder when 1130 is divided by 207?
95
Calculate the remainder when 3317 is divided by 1593.
131
Calculate the remainder when 3235 is divided by 158.
75
Calculate the remainder when 277763 is divided by 288.
131
Calculate the remainder when 860843 is divided by 69.
68
What is the remainder when 322378 is divided by 862?
852
Calculate the remainder when 89497 is divided by 25.
22
Calculate the remainder when 22378 is divided by 1777.
1054
What is the remainder when 17413 is divided by 9?
7
Calculate the remainder when 388377 is divided by 12.
9
What is the remainder when 933 is divided by 732?
201
Calculate the remainder when 730886 is divided by 76.
70
What is the remainder when 123994 is divided by 67?
44
Calculate the remainder when 10081 is divided by 4982.
117
What is the remainder when 8014 is divided by 108?
22
What is the remainder when 176230 is divided by 576?
550
Calculate the remainder when 578154 is divided by 31.
4
What is the remainder when 22131 is divided by 93?
90
What is the remainder when 1372 is divided by 481?
410
Calculate the remainder when 31096 is divided by 47.
29
What is the remainder when 4155 is divided by 144?
123
Calculate the remainder when 41068 is divided by 438.
334
What is the remainder when 2241 is divided by 1914?
327
What is the remainder when 10508 is divided by 1891?
1053
Calculate the remainder when 2244 is divided by 744.
12
Calculate the remainder when 6327 is divided by 43.
6
Calculate the remainder when 1877 is divided by 1215.
662
What is the remainder when 26478 is divided by 135?
18
What is the remainder when 1114 is divided by 46?
10
Calculate the remainder when 13676 is divided by 4535.
71
Calculate the remainder when 7053 is divided by 469.
18
What is the remainder when 85249 is divided by 588?
577
Calculate the remainder when 952 is divided by 617.
335
What is the remainder when 5135 is divided by 1566?
437
What is the remainder when 2818 is divided by 563?
3
Calculate the remainder when 451138 is divided by 382.
378
What is the remainder when 53347 is divided by 773?
10
Calculate the remainder when 440 is divided by 29.
5
Calculate the remainder when 35553 is divided by 253.
133
Calculate the remainder when 53437 is divided by 124.
117
Calculate the remainder when 315355 is divided by 1014.
1
Calculate the remainder when 46311 is divided by 11569.
35
Calculate the remainder when 14211 is divided by 6.
3
Calculate the remainder when 4582 is divided by 90.
82
Calculate the remainder when 3771 is divided by 199.
189
What is the remainder when 3141 is divided by 526?
511
Calculate the remainder when 26132 is divided by 9.
5
Calculate the remainder when 71095 is divided by 3089.
48
What is the remainder when 450 is divided by 221?
8
What is the remainder when 76700 is divided by 408?
404
What is the remainder when 701302 is divided by 261?
256
Calculate the remainder when 1621 is divided by 809.
3
What is the remainder when 994014 is divided by 11?
10
What is the remainder when 7872 is divided by 664?
568
What is the remainder when 14117 is divided by 1141?
425
Calculate the remainder when 4040 is divided by 1997.
46
Calculate the remainder when 198103 is divided by 24761.
15
Calculate the remainder when 900429 is divided by 254.
253
Calculate the remainder when 10551 is divided by 866.
159
Calculate the remainder when 28753 is divided by 316.
313
Calculate the remainder when 3437 is divided by 1434.
569
Calculate the remainder when 58956 is divided by 378.
366
Calculate the remainder when 946812 is divided by 255.
252
What is the remainder when 2120 is divided by 94?
52
What is the remainder when 1336510 is divided by 35?
0
What is the remainder when 3193 is divided by 71?
69
Calculate the remainder when 1063485 is divided by 18.
9
What is the remainder when 95283 is divided by 437?
17
What is the remainder when 149145 is divided by 83?
77
Calculate the remainder when 55341 is divided by 20.
1
Calculate the remainder when 16594 is divided by 313.
5
Calculate the remainder when 171 is divided by 123.
48
What is the remainder when 3242 is divided by 191?
186
Calculate the remainder when 1971 is divided by 653.
12
Calculate the remainder when 8227 is divided by 23.
16
What is the remainder when 287117 is divided by 74?
71
What is the remainder when 24883 is divided by 142?
33
Calculate the remainder when 9928 is divided by 102.
34
Calculate the remainder when 17823 is divided by 5940.
3
Calculate the remainder when 275 is divided by 252.
23
Calculate the remainder when 321 is divided by 29.
2
Calculate the remainder when 67983 is divided by 647.
48
Calculate the remainder when 55415 is divided by 277.
15
What is the remainder when 103 is divided by 36?
31
What is the remainder when 22474 is divided by 7480?
34
Calculate the remainder when 1397790 is divided by 1936.
1934
What is the remainder when 25642 is divided by 4266?
46
Calculate the remainder when 48949 is divided by 48928.
21
Calculate the remainder when 32699 is divided by 300.
299
What is the remainder when 38281 is divided by 65?
61
Calculate the remainder when 59832 is divided by 5982.
12
What is the remainder when 3587 is divided by 125?
87
What is the remainder when 1447 is divided by 269?
102
What is the remainder when 62954 is divided by 62948?
6
What is the remainder when 2338 is divided by 419?
243
Calculate the remainder when 12568 is divided by 14.
10
Calculate the remainder when 9216 is divided by 3736.
1744
Calculate the remainder when 1249 is divided by 570.
109
What is the remainder when 891 is divided by 10?
1
Calculate the remainder when 25185 is divided by 1673.
90
Calculate the remainder when 19458 is divided by 9691.
76
What is the remainder when 2186 is divided by 320?
266
Calculate the remainder when 58743 is divided by 773.
768
Calculate the remainder when 19715 is divided by 527.
216
What is the remainder when 20900 is divided by 1895?
55
Calculate the remainder when 1654 is divided by 28.
2
Calculate the remainder when 9748 is divided by 18.
10
What is the remainder when 34979 is divided by 1944?
1931
Calculate the remainder when 101544 is divided by 111.
90
What is the remainder when 5677 is divided by 5620?
57
Calculate the remainder when 22331 is divided by 411.
137
What is the remainder when 85512 is divided by 139?
27
What is the remainder when 26523 is divided by 127?
107
What is the remainder when 6533 is divided by 118?
43
Calculate the remainder when 3102 is divided by 268.
154
What is the remainder when 85407 is divided by 18?
15
Calculate the remainder when 95871 is divided by 47931.
9
Calculate the remainder when 117244 is divided by 15.
4
Calculate the remainder when 546134 is divided by 2438.
22
Calculate the remainder when 174266 is divided by 7921.
4
Calculate the remainder when 31046 is divided by 478.
454
What is the remainder when 2766 is divided by 76?
30
What is the remainder when 13364 is divided by 382?
376
Calculate the remainder when 831530 is divided by 197.
190
Calculate the remainder when 682223 is divided by 488.
487
What is the remainder when 432706 is divided by 11?
10
Calculate the remainder when 23249 is divided by 1937.
5
Calculate the remainder when 1679022 is divided by 558.
0
Calculate the remainder when 1479 is divided by 190.
149
What is the remainder when 124487 is divided by 171?
170
What is the remainder when 117154 is divided by 39?
37
Calculate the remainder when 103498 is divided by 11.
10
Calculate the remainder when 2013 is divided by 1713.
300
What is the remainder when 1835 is divided by 122?
5
What is the remainder when 192 is divided by 10?
2
What is the remainder when 4347 is divided by 705?
117
Calculate the remainder when 2219 is divided by 50.
19
Calculate the remainder when 494660 is divided by 2511.
2504
Calculate the remainder when 699597 is divided by 